1/1) + 14668/95. Calculate the highest common factor of f and 527.
31
Let k be ((-540)/(-8) + -6)/((-1)/2). Let a = k + 197. Calculate the highest common divisor of 259 and a.
37
Suppose -4*t + 24 = 0, -2*t + 345 = -4*y + 8633. Calculate the highest common divisor of 425 and y.
25
Suppose 4*n = 5*g + 360, 5*g - 254 = 5*n - 704. Let d(a) = 14*a + 16. Let c be d(4). What is the highest common factor of n and c?
18
Suppose -96*c + 151583 + 128353 = 0. What is the greatest common divisor of 9 and c?
9
Let f be -11 + 8 + 466 + 25/5. What is the highest common factor of 12 and f?
12
Let l be 11*2/2 - 1. Let f be l/(-3)*(-27)/2. Let q(c) = -c**3 + 8*c**2 + 29*c - 45. Let j be q(10). What is the greatest common factor of j and f?
45
Let d be (-11)/(77/(-133)) + 254. Calculate the highest common divisor of 39 and d.
39
Let m(c) = c**3 + 3*c**2 - 3*c + 2. Let d be m(5). Suppose 197*k + 458*k + 8800 = 1055*k. Calculate the greatest common divisor of d and k.
11
Let x be (6 + 78/(-24))*4. Let a be 1582/x - (-10)/55. What is the highest common divisor of a and 48?
48
Let v(f) = -f**2 - 15*f + 2449. Let a be v(-57). What is the highest common divisor of 10505 and a?
55
Suppose 5*y = y + 896. Let v be (-65)/(-14)*6 - 7*17/(-833). Calculate the highest common divisor of v and y.
28
Suppose -3*j - 2*h = -6*j + 4631, j + 4*h = 1525. Let m be (-9 - -90)/(-9) + 76. What is the highest common divisor of m and j?
67
Let l = -57 - -101. Let q be (88/14)/(-16 + 113750/7105). Calculate the highest common divisor of l and q.
22
Let y(s) be the second derivative of s**4/3 - 28*s**3/3 + 3*s**2 - 49*s. Let r be y(14). Let g = 42 - 0. What is the highest common factor of r and g?
6
Let r(w) = 7*w + 23. Let q be r(6). Suppose 99 = -49*a + 344. Calculate the highest common factor of a and q.
5
Let o be (1 + -70)*-1*(11 + -4). Let d = o - 195. What is the greatest common factor of 32 and d?
32
Let r = 858 + -169. Let s be (3/(-3))/(1 + r/(-688)). What is the highest common factor of 16 and s?
16
Suppose 4*j - 27 + 3 = 5*m, -2*j + 10 = -2*m. Let h be -6*4/(-12)*j. Suppose y - 20 = -h. What is the greatest common factor of 144 and y?
18
Let a be (-6)/(-21) - 1088/(-112). Let w be 2*((2 - 5) + a) - 5. What is the highest common factor of 48 and w?
3
Let l(i) = i**2 - 50*i + 674. Let c be l(51). Calculate the greatest common factor of 25 and c.
25
Suppose -107*l = -102*l + 1636 - 27101. Calculate the greatest common factor of 11 and l.
11
Suppose -510 = 3*q - 6*q. Suppose -11*n - 3551 = 4369. Let k = 730 + n. Calculate the greatest common divisor of q and k.
10
Suppose -8 = -d - d. Suppose 229*c = 233*c. Suppose c = -11*k + 183 + 257. What is the highest common divisor of k and d?
4
Suppose -8*n + 108 = 8*u - 7*u, 2*u = 3*n + 83. Let p be (-1)/(((-11)/78)/11). What is the highest common divisor of p and u?
26
Let n be ((-88)/(-55))/(4/100). What is the greatest common factor of n and 740?
20
Suppose 0*c - c + 76 = 2*m, 0 = -4*c + 5*m + 317. Suppose 0 = -0*f + f - 3. Let b = 29 - f. Calculate the highest common divisor of b and c.
26
Suppose 10*j - 158 = -1598. Let s = j + 159. What is the greatest common divisor of s and 5?
5
Let u(x) = x**3 + 4*x**2 - 11*x - 24. Let v be u(-6). Let j be v/(-135) + (-662)/(-18). Calculate the highest common factor of 333 and j.
37
Suppose -162 = 144*n - 77*n - 73*n. Calculate the greatest common divisor of n and 3375.
27
Let x = 195 - -31. Suppose 8*q - x - 206 = 0. Calculate the greatest common divisor of q and 6.
6
Let d(h) = -h**2 + 9*h - 8. Let c be d(7). Let o be 1/(-18) - (-18)/((-2916)/(-8757)). What is the highest common divisor of o and c?
6
Let p(r) = -35*r - 24. Let h be p(-11). Suppose 15*g - 329 = h. What is the greatest common factor of 46 and g?
46
Suppose -118*c = -64*c - 3132. What is the highest common divisor of 11774 and c?
58
Suppose 2*h - 14 = j - 5*j, j - h = 8. Suppose 57 + 53 = 3*i + 4*s, j*i - 5*s = 125. What is the greatest common factor of 120 and i?
30
Let m = -14303 - -14337. Calculate the greatest common factor of m and 425.
17
Let o(a) = 16*a**2 + 176*a + 2. Let r be o(-11). Suppose r*g - 117 = -5*b, -2 + 4 = 2*b. Calculate the highest common divisor of g and 196.
28
Let f(u) = -2*u + 38. Let x be f(17). Suppose 5*t - 160 = -x*p, 0 = 3*t - 4*p + 3*p - 79. What is the highest common divisor of 49 and t?
7
Let k be ((-63)/28)/(6/(-16)). Suppose 12*x + k = 13*x. Suppose x*a - a = 60. Calculate the greatest common factor of a and 108.
12
Let m be ((-3)/2 + 2418/364)*(-8 + 50). Calculate the highest common factor of m and 1161.
27
Let p = -31 + 30. Let l be 5 - -4 - (p + 5). Suppose -l*n + 195 = -3*g + 2*g, 5*g = -5*n + 225. What is the greatest common divisor of n and 8?
8
Suppose 0 = -11*d - 38*d - 16*d + 601055. Calculate the highest common factor of d and 21.
7
Suppose 0 = 2*g - 4*s - 252, 32*g + 3*s = 36*g - 519. Suppose 48 - g = -7*v. What is the highest common factor of v and 258?
6
Let m(a) = 24*a - 266. Let z(p) = 26*p - 265. Let d(v) = 6*m(v) - 5*z(v). Let g be d(20). What is the highest common divisor of 657 and g?
9
Suppose -1054 = -22*j + 310. Suppose 3*s - 44 = s. Let a = 53 - s. What is the highest common factor of j and a?
31
Suppose -35 = 5*j + 10. Let a(o) = o**2 + 10*o + 18. Let b be a(j). Calculate the greatest common factor of b and 1.
1
Suppose 14*f - 266 = 574. Let a(y) = -y**3 - y**2 + y - 3. Let m be a(-3). Calculate the greatest common factor of m and f.
12
Suppose 0 = -6*y + 8 - 2. Let c = y - -22. Let b = c - 3. Calculate the greatest common divisor of b and 8.
4
Let z(u) = -u**3 + u**2 - 8*u - 40. Let d = 145 + -153. Let a be z(d). Calculate the highest common factor of a and 75.
75
Let t = 4370 + -4356. Calculate the greatest common factor of 11914 and t.
14
Suppose -5*z + 6443 = i, 0 = -2*i - 112*z + 116*z + 12914. What is the greatest common divisor of 239 and i?
239
Suppose 0 = -5*p + 3*m + 710, -4*p = -6*m + 4*m - 570. Let d = 104 - 46. What is the greatest common factor of p and d?
29
Let i be 5/(15*2) - (8 + (-4610)/60). Calculate the greatest common factor of 15387 and i.
69
Let i = 3615 - 3355. What is the greatest common factor of 78 and i?
26
Suppose u - 357 = 17*h - 20*h, -2*h - 5*u + 264 = 0. What is the highest common divisor of h and 333?
9
Let q be -1*(2 - 1)*-4. Let z be (q/(-6))/((-2)/3). Let f be (35/(-20))/(((-3)/60)/z). What is the greatest common factor of 5 and f?
5
Let d = -74 - -146. Let n(z) = -5*z**2 + 185*z + 1506. Let l be n(43). What is the greatest common divisor of l and d?
72
Let k be 11 + (8 - -12) + -6. Let f = -130 - -232. Suppose -p + 277 = f. What is the highest common factor of p and k?
25
Let z(u) = 11*u - 44. Let x(g) = 17*g - 45. Let a(c) = -3*x(c) + 2*z(c). Let t be a(-2). What is the greatest common divisor of t and 84?
21
Let d = 130 - 148. Let i be (-74)/(-4)*(-4 - d). What is the highest common divisor of i and 37?
37
Suppose 0 = -r - 6*r + 56. Let k be (1 + 710/(-8))/((-2)/r). Calculate the highest common divisor of 27 and k.
27
Let m = 11612 + -8174. What is the highest common factor of m and 18?
18
Suppose 15*r - 4424 = r. What is the greatest common factor of r and 5846?
158
Let f = -430 + -920. Let s be ((-13)/((-312)/f))/((-3)/8). Calculate the highest common divisor of s and 12.
6
Let i be 1491 + 7*(-11)/77. What is the highest common divisor of 30 and i?
10
Let o(d) = -50*d**3 + 3*d**2 - 5*d - 47*d**3 + 2*d + 100*d**3. Let v be o(2). Calculate the highest common factor of 270 and v.
30
Suppose -727*c = -732*c + 30015. Calculate the highest common factor of 29 and c.
29
Let y be (-422 - -2)*(27/(-15) + 1). Suppose 31 = -10*l + 241. What is the highest common factor of y and l?
21
Let u = -238 - -494. Let m(b) = b + 14. Let l be m(-6). Calculate the highest common divisor of u and l.
8
Let s = 13327 + -12829. What is the highest common divisor of s and 48?
6
Let v(y) = -17*y**2 + 27*y - 9. Let f be v(3). Let x = -74 - f. What is the greatest common divisor of x and 7?
7
Let p(q) be the first derivative of 7*q**2/2 + 66*q + 71. Let u be p(-8). What is the greatest common divisor of 90 and u?
10
Let k(r) = 253*r + 6579. Let w be k(-26). Let z = -20 + 29. What is the highest common divisor of w and z?
1
Let j = -36 + 100. Let w = -87976 